 7*x - 5. Let i be m(-4). Let u = i + 54. What is the units digit of u?
1
Let q(p) = -p**2 + p + 1. Suppose -4*g = -u + 2, 5*u + 0 = 2*g + 10. What is the units digit of q(g)?
1
Let g = -1 + 6. What is the units digit of -1 + 1 - g/(-5)?
1
Suppose 4*a = 4*b + 140, -5*a + 67 = b - 96. What is the tens digit of a?
3
Suppose 0 = 44*t - 40*t - 1128. What is the units digit of t?
2
Suppose -10 = 5*r - 4*r + 4*t, -r = 3*t + 7. Let b = 0 + r. Suppose -b*d + 6 + 6 = 0. What is the units digit of d?
6
Let c(g) = -g**3 - 8*g**2 + 7*g - 10. Suppose m = r - m + 19, 3*m = 15. What is the units digit of c(r)?
8
Let d be ((-3)/(-2))/((-6)/(-8)). Suppose -3*y + 2*l + 126 = 0, 0 = 2*l + 7 - 1. Suppose -3*i - d*i + y = 0. What is the units digit of i?
8
Let s = 6 + 14. What is the tens digit of s?
2
Let f(c) = 5*c - 1. Let y be f(1). Suppose 0 = 4*b - y*t, 0 = -b + 3*t - 6*t + 8. Suppose -b*x - 9 = 2*k + 3*k, -2*x = -5*k - 21. What is the units digit of x?
3
Let k(x) = -x. Let w be k(-3). Let l be -2 - 4/(w + -2). Let o = -1 - l. What is the units digit of o?
5
Let h(o) = -o + 2. Let c be h(-3). Suppose x - b - 9 = 4*b, -1 = x + c*b. Suppose 18 = 2*u - x. What is the tens digit of u?
1
What is the units digit of ((-35)/14)/(1/(-30))?
5
What is the units digit of (0 + -10)/(1/(-4))?
0
Let n = -3 + 185. What is the tens digit of n?
8
Let d(j) = 6*j**3 - 2*j**2 + 2*j - 1. Let m be d(1). Suppose 0*b + 60 = m*b. What is the units digit of (-1 + (-5)/(-3))*b?
8
What is the tens digit of 96 - (-2)/(10/(-15))?
9
Suppose 5 - 2 = i. Suppose -3*k + 0 = i, 2*y - 2*k - 110 = 0. What is the tens digit of y?
5
Let s = -13 + 19. What is the units digit of s?
6
What is the tens digit of 20/4*4/10*12?
2
Let w(g) = g + 9. Suppose 4*n + 2*x + 14 = -0, 0 = -2*n + x - 17. What is the units digit of w(n)?
3
Let u = 6 - 5. Let a(p) = 3*p - 1. What is the units digit of a(u)?
2
Suppose -5*r - 4*j = 19, 3*j = -4*r - 0*j - 15. What is the units digit of r/((3/(-4))/1)?
4
Let z(l) = l**3 + 5*l**2 + 4*l. Let c be 16/(-28)*(-14)/4. Let x be (-1)/2*(c - -4). What is the units digit of z(x)?
6
Let d = -24 + 18. Let p = 34 + d. What is the units digit of p?
8
Suppose -1264 = -3*o + 4*q, 2*o + 2101 = 7*o - q. What is the units digit of o?
0
Let c(l) = -6 - 3*l - l**3 - 5*l - 3 - 7*l**2. Let q be c(-6). Suppose -3*v - 24 = -2*m, 3*v + 20 = q*m - 10. What is the units digit of m?
6
Let f be 36/(-8)*6/(-9). Suppose 5*s - 4*a = 109 + 67, 172 = 5*s - f*a. What is the tens digit of s?
3
Let c be -3 - (-2)/1 - -2. Let u be 18 + (c - -2) + -2. Suppose 0 = 4*h - 4*v - 36, h - 4*h + u = v. What is the units digit of h?
7
Let z(v) = v**2 + 3*v + 2. Let c be z(-3). Suppose 0 = -2*p - q - 3, c*p - 5*q + 6 = 33. What is the units digit of p?
1
Let i(h) be the second derivative of -17*h**3/6 + h**2/2 - 3*h. What is the units digit of i(-1)?
8
Suppose -3*l = -4*m - 140, m - 56 + 181 = 3*l. Let v = 15 + -9. Suppose -i + v*i = l. What is the units digit of i?
8
Let f = 215 + 28. What is the tens digit of f?
4
Suppose 3*w - 52 = 4*n, -52 = 2*n - 0*w + 5*w. Let q = 26 + n. What is the units digit of q?
0
Let y(i) = -2*i**2 + 19*i + 5. What is the units digit of y(8)?
9
Let k(n) = 7*n - 12. Let q be k(8). Suppose -5*a = -3*j - 83, -3*a + a = 4. Let o = j + q. What is the units digit of o?
3
Let b(v) = -12*v - 4. Let l(p) = 25*p + 7. Let w(t) = 13*b(t) + 6*l(t). What is the tens digit of w(-5)?
2
Suppose 3*b = -2*w + 192, -2*b - 2*w = -3*b + 72. Let a = b + -30. What is the tens digit of a?
3
Suppose 5*d - g - 1653 = 0, 0 = 4*d - 11*g + 10*g - 1323. What is the hundreds digit of d?
3
Let k = -332 + 546. What is the hundreds digit of k?
2
Let v(b) = b**3 - 10*b**2 - 19. What is the units digit of v(11)?
2
Let l(w) = -w**3 + 3*w**2 - 3*w + 3. Let d be l(2). What is the units digit of (0 - d) + (-6 - -9)?
2
Let v(s) = 2*s**2 - 2*s + 6. Let i(g) = -g**2 + g - 1. Let p(q) = 4*i(q) + v(q). Let x be p(2). Let d(w) = -4*w - 2. What is the units digit of d(x)?
6
Suppose -l + s - 11 = -100, 265 = 3*l - 5*s. What is the units digit of l?
0
Let i(r) = -r + 1. Let n be i(-1). Suppose -n*g - 50 = -7*g + 5*o, -14 = -g + 3*o. What is the units digit of g?
8
Let i(q) = -3*q - 3. Let j be i(-6). Suppose -2*y - j = -7*y. Suppose -3*n = a + 3*a - 37, -5*n + y*a = -23. What is the units digit of n?
7
Let d(o) = -3*o - 3. Let v be d(-2). Suppose n - 2*n + 44 = v*q, 3*n - 3*q - 156 = 0. What is the units digit of n/(-4)*(-4)/5?
0
Suppose 0 = -4*j - j + 20. Suppose -3*i - 2 - 10 = 0, -2*i + 52 = j*v. Suppose -6*g = -g - v. What is the units digit of g?
3
Let p(s) be the second derivative of s**6/360 + s**5/12 + s**4/2 + s**3/3 - 3*s. Let z(u) be the second derivative of p(u). What is the units digit of z(-9)?
3
Suppose -125 = b + 4*b. Let r(i) = 2*i + 14. Let x be r(-12). Let s = x - b. What is the units digit of s?
5
Let z = 3 + -3. Suppose -2*s + 3*s - 29 = z. Let n = s - 16. What is the tens digit of n?
1
Let t = -7 - -18. Let l be (-1 - 4)*(-12)/10. Let c = t - l. What is the units digit of c?
5
Let o(s) = -s**2 + 2*s + 1. Let c be o(4). Let l = c - -13. What is the units digit of l?
6
Let z be (-5)/2 - (-1)/(-2). Let f = z - -9. Let x = f + -4. What is the units digit of x?
2
Suppose -r + 2 + 0 = 0. Let q = 0 + r. Suppose 4*s = h + q*h + 40, 0 = h + 4. What is the units digit of s?
7
Let f(v) = -6 + 1 + 2*v - 3*v + 3*v. What is the units digit of f(6)?
7
Let f = 91 - 14. What is the units digit of f?
7
Let l = 146 - 283. Let r = l + 200. Suppose g + r = 5*s, -4*s + 5*g + 75 = s. What is the tens digit of s?
1
Let s(f) = f**2 + f. Let g be s(2). Suppose -i + g = 4. Suppose p + i*v - 3 = 0, 0 = -2*p + 4*v + 13 + 25. What is the tens digit of p?
1
Suppose n + 3*n = 0. Suppose h - 5*h = n. Suppose -2*q + h*x = -3*x - 17, -3*q + 18 = -2*x. What is the units digit of q?
4
Let r(p) = 4*p + 26. What is the units digit of r(8)?
8
Let z = 67 + 232. What is the units digit of z?
9
Suppose -f = -36 + 1. What is the units digit of f?
5
Let g = 4 - 2. Suppose 4 = 2*z + g*z. Let t = z + 5. What is the units digit of t?
6
Let v(b) = -b**2 - b + 5. Let l be v(0). Suppose o + l*f = 2, 3*o - 4*f = -1 + 7. Suppose o*i + 2*i - 60 = 0. What is the tens digit of i?
1
Suppose 15*w = 19*w - 1152. What is the units digit of w?
8
Let j(q) = 23*q**2 + q. Let u = -1 - -2. What is the tens digit of j(u)?
2
Suppose 0*l + 20 = 4*l. Suppose 23 = -x + l*k, 0*k - 2*k + 20 = 5*x. Suppose 0 = o - x*o + 5. What is the units digit of o?
5
What is the hundreds digit of 5904/54*(-3)/(-2)?
1
Let l = 21 - -174. What is the units digit of l?
5
Let t(v) = 2*v - 10. Let i(b) = -b + 2. Let p be i(-5). What is the units digit of t(p)?
4
Suppose 0 = -4*t + 5*t + 1. Let v = t + 2. What is the units digit of v?
1
Let j(m) = -m + 14. Let d = -7 + 7. What is the units digit of j(d)?
4
Let l(d) = -d + 1. Let r be l(1). Suppose 12 = 4*w - 3*o, 3*o + r*o = 2*w. Suppose 18 = 3*y + w. What is the units digit of y?
4
Suppose -4*d + 518 + 462 = 0. What is the tens digit of d?
4
Let y be (3 + -2)*-1*-3. Suppose y*n + 66 = 6*n. What is the tens digit of n?
2
Suppose 5*u = u + 536. What is the hundreds digit of u?
1
Let f = -11 + 14. Suppose -5*q = -k - 100, 3*q - f*k = -2*q + 100. What is the units digit of q?
0
Let q(j) = 6*j - 17. Let v(h) = -3*h + 8. Let c(m) = -2*q(m) - 5*v(m). Suppose -s + 2 + 2 = 0. What is the units digit of c(s)?
6
Suppose 0*s + 3 = -3*s. What is the units digit of (-2)/4*s*2?
1
Let n be (4 + -5)*(1 - 8). Suppose 4*q - 9 - n = 0. Suppose -3*g - o - 13 = -4*g, -q*g - 3*o = -38. What is the tens digit of g?
1
Let h = 21 - -3. What is the units digit of h?
4
Suppose -4*n = -3*w - 24, 2*w = 3*n - 26 + 9. Suppose 4*l + 71 - n = 0. Let p = -9 - l. What is the units digit of p?
8
Suppose 0 = f - 6 - 41. Suppose -3*j + 4*n + 19 = -0*j, -f = -4*j + n. What is the tens digit of j?
1
Suppose 3*w - 4*w = -2. Let k = w - 2. Suppose k = y - 0*y - 3. What is the units digit of y?
3
Suppose 0 = 3*r + 24 - 126. Let s = r + -15. What is the tens digit of s?
1
Suppose 0 = 5*b - 3*b - 40. What is the units digit of b?
0
What is the hundreds digit of 140/12*(0 + (2 - -13))?
1
What is the units digit of 51 + (-3 - -3)/5?
1
Suppose 2*t - 6 = t. Let r = 12 - t. What is the units digit of r